{"id":30,"date":"2015-02-19T14:08:25","date_gmt":"2015-02-19T14:08:25","guid":{"rendered":"http:\/\/www.wenk-heizung.de\/?page_id=30"},"modified":"2025-09-28T09:50:24","modified_gmt":"2025-09-28T07:50:24","slug":"heizung-klima","status":"publish","type":"page","link":"https:\/\/www.wenk-heizung.de\/?page_id=30","title":{"rendered":"Heizung \/ Klima"},"content":{"rendered":"\n<div class=\"wp-block-columns is-layout-flex wp-container-core-columns-is-layout-28f84493 wp-block-columns-is-layout-flex\">\n<div class=\"wp-block-column is-vertically-aligned-top is-layout-flow wp-block-column-is-layout-flow\">\n<p style=\"text-align: center;\"><span style=\"color: #000000;\">Ich setze auf leistungsstarke Kooperationspartner mit langj\u00e4hriger Erfahrung in der W\u00e4rmetechnik.<\/span><\/p>\n<p><img loading=\"lazy\" decoding=\"async\" class=\"aligncenter wp-image-14 size-full\" src=\"https:\/\/www.wenk-heizung.de\/wp-content\/uploads\/2015\/02\/heiz02.jpg\" alt=\"\" width=\"165\" height=\"230\" \/><\/p>\n<\/div>\n\n\n\n<div class=\"wp-block-column is-vertically-aligned-top is-layout-flow wp-block-column-is-layout-flow\">\n<p><span style=\"color: #000000;\">So biete ich Ihnen verschiedenste Komponenten f\u00fcr unterschiedliche Anforderungen:<\/span><\/p>\n<ul>\n<li><span style=\"color: #000000;\">kompakte wandh\u00e4ngende und bodenstehende Heizsysteme f\u00fcr Gas, \u00d6l und Feststoffe<\/span><\/li>\n<li><span style=\"color: #000000;\">modernste Brennwertger\u00e4te<\/span><\/li>\n<li><span style=\"color: #000000;\">funktionelle Regelungstechnik<\/span><\/li>\n<li><span style=\"color: #000000;\">Brenner f\u00fcr \u00d6l oder Gas<\/span><\/li>\n<li><span style=\"color: #000000;\">effektive Solarsysteme<\/span><\/li>\n<li><span style=\"color: #000000;\">Bad- und Designheizk\u00f6rper.<\/span><\/li>\n<\/ul>\n<\/div>\n<\/div>\n\n\n\n<p><\/p>\n","protected":false},"excerpt":{"rendered":"<p>Ich setze auf leistungsstarke Kooperationspartner mit langj\u00e4hriger Erfahrung in der W\u00e4rmetechnik. So biete ich Ihnen verschiedenste Komponenten f\u00fcr unterschiedliche Anforderungen:<\/p>\n","protected":false},"author":1,"featured_media":0,"parent":19,"menu_order":0,"comment_status":"closed","ping_status":"closed","template":"","meta":{"colormag_page_container_layout":"default_layout","colormag_page_sidebar_layout":"default_layout","footnotes":""},"class_list":["post-30","page","type-page","status-publish","hentry"],"_links":{"self":[{"href":"https:\/\/www.wenk-heizung.de\/index.php?rest_route=\/wp\/v2\/pages\/30","targetHints":{"allow":["GET"]}}],"collection":[{"href":"https:\/\/www.wenk-heizung.de\/index.php?rest_route=\/wp\/v2\/pages"}],"about":[{"href":"https:\/\/www.wenk-heizung.de\/index.php?rest_route=\/wp\/v2\/types\/page"}],"author":[{"embeddable":true,"href":"https:\/\/www.wenk-heizung.de\/index.php?rest_route=\/wp\/v2\/users\/1"}],"replies":[{"embeddable":true,"href":"https:\/\/www.wenk-heizung.de\/index.php?rest_route=%2Fwp%2Fv2%2Fcomments&post=30"}],"version-history":[{"count":9,"href":"https:\/\/www.wenk-heizung.de\/index.php?rest_route=\/wp\/v2\/pages\/30\/revisions"}],"predecessor-version":[{"id":129,"href":"https:\/\/www.wenk-heizung.de\/index.php?rest_route=\/wp\/v2\/pages\/30\/revisions\/129"}],"up":[{"embeddable":true,"href":"https:\/\/www.wenk-heizung.de\/index.php?rest_route=\/wp\/v2\/pages\/19"}],"wp:attachment":[{"href":"https:\/\/www.wenk-heizung.de\/index.php?rest_route=%2Fwp%2Fv2%2Fmedia&parent=30"}],"curies":[{"name":"wp","href":"https:\/\/api.w.org\/{rel}","templated":true}]}}